(f) = f**2. Let k(u) = u**3 - 9*u**2 - 7*u - 1. Let h(i) = k(i) + 3*y(i). Let d be h(7). What is the remainder when 34 is divided by 0 + (1 + d - -12)?
10
What is the remainder when 20 is divided by 4 + 52/4 + -3?
6
Let a = -19 + 34. Calculate the remainder when (-1022)/(-18) - 2/(-9) is divided by a.
12
Suppose 5*a = a + 5*x - 81, -3*a + x - 47 = 0. Let m = a - -33. Let f = 1 + 9. What is the remainder when m is divided by f?
9
Let m(j) = -j**3 - 10*j**2 - 11*j - 6. Let u(o) = o + 2. Let l be u(-11). What is the remainder when m(l) is divided by 7?
5
Let q = 5 + -3. Let c = q + 23. Calculate the remainder when c is divided by 9.
7
Let n(l) = -l**3 + l**2 + l + 23. What is the remainder when n(0) is divided by (4/(-10))/((-1)/15)?
5
Let q(s) = -s + 10 + 1 + 4. Let g be q(11). What is the remainder when 8 is divided by (0 + (-6)/g)*-2?
2
Let d = 5 + 1. Suppose -5*g = -l - 221, 5*g = -3*l + d*l + 213. Calculate the remainder when g is divided by 12.
9
Let w(f) be the first derivative of -4*f + 1/3*f**3 + 2 - 1/2*f**2. Calculate the remainder when w(6) is divided by 9.
8
Let p = -86 + 127. Calculate the remainder when p is divided by 22.
19
Suppose -3*f - 3*v - 2*v - 20 = 0, -4*v = -4*f + 16. Let k(a) = -a**2 - a + 13. Calculate the remainder when 38 is divided by k(f).
12
Suppose 0 = 35*a - 38*a + 15. Calculate the remainder when 18 is divided by a.
3
Let x(w) = -w**2 + 42*w - 29. Let k(d) = -11*d - 1. What is the remainder when k(-2) is divided by x(41)?
9
Suppose 6 = -5*f + 56. Suppose 27 = 2*v - 3*y, v - 5*y - 10 - 14 = 0. What is the remainder when (-5 - 23)*f/(-8) is divided by v?
8
Suppose 0*c = m - 5*c, 0 = -2*m - 2*c. What is the remainder when (0 - -8)/4 + m is divided by 2?
0
Suppose -4*g + 47 = 3*q - 4, 4*q = 5*g - 87. Let f(p) = -10*p - 6. Calculate the remainder when f(-5) is divided by g.
14
Suppose -2*d + 5 = -d. Suppose 0 = -3*f + 2*f + 9. Suppose 3*b + s - 3 = 2*b, f = 3*b - 3*s. Calculate the remainder when d is divided by b.
2
Let u = 5 + -3. Suppose u*m + 0 = -8. Calculate the remainder when (-42)/(-9) + m/6 is divided by 3.
1
Let a(i) = -i**3 - 9*i**2 - 2. Let r be a(-9). Let v be (1 + r)/(1/(-3)). Suppose v*s - s = 2. Calculate the remainder when 2 is divided by s.
0
Let o(h) = -14*h - 1. Suppose 3*v - 1 = 4*i + 3, 3*i - 3*v = -3. What is the remainder when o(i) is divided by 7?
6
Suppose -4 = -3*k + 4*f, 0*f = 4*f - 20. Let m = k + -4. Calculate the remainder when 15 is divided by m.
3
Let p be (-2)/5 + (-23)/5. Let d(t) = -t**2 + t**2 - 6 - t**2 - 11*t. Calculate the remainder when d(p) is divided by 9.
6
Let j(v) = -3*v + 21. Calculate the remainder when 249 is divided by j(-5).
33
What is the remainder when ((-6)/9)/(2/(-57)) is divided by 10?
9
Let l(c) be the second derivative of -c**5/20 - c**4/3 + c**3 + 7*c**2/2 - c. What is the remainder when l(-5) is divided by (-2)/(1/(2/(-4)))?
0
Let s be (14/(-4) + 1)*-2. Suppose s*v - 143 = -33. Let n = v - 11. What is the remainder when 21 is divided by n?
10
Let i = 0 + 0. Suppose 3*x - 51 = -i*x. Suppose -5*w = 0, 4*w = 2*y - 0*w - 98. What is the remainder when y is divided by x?
15
Suppose 4*n - 32 = -2*q, -3*q = -2*n + 2 + 6. Let c = n - -5. Calculate the remainder when 57 is divided by c.
9
What is the remainder when ((-75)/5)/5 - -28 is divided by 13?
12
Let v(o) = -o**2 + 7*o + 11. Let r be v(8). Calculate the remainder when 35 + (r - (-2)/(-2)) is divided by 13.
11
Suppose -5*n + 22 = -38. Suppose -2*s + 2 = -42. Calculate the remainder when s is divided by n.
10
Let l = -1 - -11. What is the remainder when 27 is divided by l?
7
Calculate the remainder when 73 is divided by 14 - -6 - (3 + -2).
16
Suppose -3*w - w = 5*l + 1, 4*w - 2*l = 34. Suppose -7 = -m + w. Suppose 29 = 4*v + 1. What is the remainder when m is divided by v?
6
Suppose 5*p - 6 - 4 = 0. Suppose 36 = p*d + 2*d. Calculate the remainder when 17 is divided by d.
8
Let m(g) = g**3 - 3*g**2 + 2*g + 3. Let a be m(3). Let y(w) = 5*w - 12. Let l = -21 - -33. What is the remainder when y(a) is divided by l?
9
What is the remainder when 59 is divided by 19 + 1 - 0/1?
19
Suppose 10*g - 12*g + 12 = 0. Calculate the remainder when g is divided by 2.
0
Let m(d) = d**3 - 7*d**2 + 6*d - 8. Let c(a) = 2*a - 2. What is the remainder when m(7) is divided by c(7)?
10
Let a(z) = z**3 - z**2 + z + 1. Suppose w - t + 2 = 6, 2*t = w - 6. What is the remainder when w is divided by a(0)?
0
Let h(v) = 6*v + v**2 + 1 - 6*v**2 + 6*v**2. Calculate the remainder when h(-6) is divided by 1.
0
Let a be (-282)/14 + 1/7. Calculate the remainder when (-8)/a + (-526)/(-10) is divided by 18.
17
Let n be 0*2/(-4)*2. What is the remainder when 2/(n + (-3)/(-78)) is divided by ((-54)/8)/(3/(-8))?
16
Let q = 2 - 4. Let z(o) = o**2 + 1. What is the remainder when 10*3 + q + 1 is divided by z(3)?
9
What is the remainder when (-4)/30 + 6376/120 is divided by 5?
3
Suppose 0*g - 8 = -g. Calculate the remainder when g is divided by ((-6)/(-8))/(1/4).
2
Let p(z) = 2 - 14*z**2 - 4*z + 15*z**2 + 4*z. Calculate the remainder when 70 is divided by p(-4).
16
Let j(o) = -2*o. Calculate the remainder when 58 is divided by j(-5).
8
What is the remainder when 29 - (-1 - 15/(-3)) is divided by 13?
12
Let a be 12/(-28) - (-4)/(-7). Calculate the remainder when a - ((-60)/3)/1 is divided by 10.
9
Suppose b - 5 = -2. Suppose w + w + 4*n - 38 = 0, -b*n + 56 = 4*w. Calculate the remainder when w is divided by 4.
3
Let o(c) = 15*c - 1. Let a(n) = n**3 - 12*n**2 + 44*n + 2. Calculate the remainder when a(3) is divided by o(1).
11
What is the remainder when 880/12 - (1 + 15/(-9)) is divided by 39?
35
Let p(x) = x**2 + 2*x + 7. Suppose 26 = 2*d - 6. Let b = -5 + d. Calculate the remainder when p(-6) is divided by b.
9
Let s(c) = -9*c + 1. Let d(k) = 2*k**2 - k + 4. Let b be d(6). What is the remainder when s(-2) is divided by (b/30)/((-1)/(-3))?
5
Let n be (10 + -2)/((-3)/(-6)). Let s be (-2 - n/(-6))*3. What is the remainder when s/8*-2*-50 is divided by 9?
7
Suppose 71 = x + 5*m, -284 = -4*x - 0*x + 3*m. Calculate the remainder when x is divided by 25.
21
Let o = 66 - 36. Suppose 5*g - u - 12 = 0, 0 = -3*g - 2*g + 2*u + 9. Suppose x + l - 13 = -0, g*l + 57 = 3*x. Calculate the remainder when o is divided by x.
14
Suppose 0 = 4*s - 23 - 5. Suppose 0 = -4*q + 5 - 1. What is the remainder when -4*(-1)/14*s is divided by q?
0
Suppose 4*n + 4 = -4. Let r be (2 - n)*3/2. What is the remainder when 33 is divided by ((-2)/3)/(r/(-153))?
16
Let x = 0 + 2. Calculate the remainder when 29 is divided by x/(-11) - (-167)/11.
14
Let h(i) = -i**2 - 5*i + 3. Suppose -4*w + 45 = w. Calculate the remainder when h(-5) is divided by (-20)/(-9) - 2/w.
1
Let w = -71 + 182. What is the remainder when w is divided by 25?
11
Suppose 2*m - 89 = -3*r, 4*m = r - 0*r - 39. Calculate the remainder when r is divided by 11.
9
Let i be 48*(-1)/(8/(-10)). Suppose 5*c + 0*c = 4*f + i, -5*c + 3*f = -65. What is the remainder when 62 is divided by c?
14
Suppose 0 = 5*q + 6*q - 572. What is the remainder when q is divided by 23?
6
Suppose -61 = -4*j + 3. Suppose 4*n - 28 - j = 0. Suppose 5 = -5*k + 25, 72 = 4*t - 3*k. What is the remainder when t is divided by n?
10
Let t(f) = 2*f - 22. Suppose x = -2*k + 45, -4*x = 5*k - 3*k - 54. Calculate the remainder when k is divided by t(15).
5
Let s = -5 - -3. Suppose 2*a - 28 = -2*z + 2, -125 = -5*a + 5*z. What is the remainder when a is divided by (-47)/(-7) + s/(-7)?
6
Let h(k) = -k**3 - 5*k**2 - 3*k - 9. Calculate the remainder when 3/(-6) - 129/(-6) is divided by h(-5).
3
Let i(m) = -m**2 + 3*m + 3. Let u be i(5). Let j(h) = h**2 + 9*h + 8. Let z be j(u). Let w(l) = -2*l - 8. What is the remainder when w(z) is divided by 2?
0
Let o(b) be the third derivative of -13/60*b**6 + 0*b + 0*b**4 + 1/6*b**3 + 0 - 1/60*b**5 - b**2. Calculate the remainder when o(-1) is divided by 9.
8
Let o = 5 + 11. Calculate the remainder when (61/4)/((-3)/(-12)) is divided by o.
13
Suppose 4*n + 107 = 2*w + w, 0 = -3*w - 3*n + 114. Suppose 3*i - 5 = 25. Calculate the remainder when w is divided by i.
7
Let h = -15 - -23. Let i = -5 - -49. Suppose x + 4*l - i = -3*x, 5*x + 2*l = 64. Calculate the remainder when x is divided by h.
6
Let h be (13 + -1)/(1 + 1). Let m(x) = x**2 